1895 prime?
False
Is 57949 a prime number?
False
Is 1415857 prime?
False
Is 313921 composite?
False
Is 409 a prime number?
True
Is 8623 composite?
False
Is 8063 prime?
False
Is 3433 composite?
False
Is 52709 composite?
False
Is 330167 a composite number?
False
Is 303 a prime number?
False
Is 7279 a prime number?
False
Is 130373 composite?
True
Is 1261349 a composite number?
True
Is 258619 a composite number?
True
Is 552217 a prime number?
True
Is 26773 a composite number?
True
Is 18181 prime?
True
Is 215623 a composite number?
True
Is 5837 composite?
True
Is 117659 a composite number?
False
Is 6081707 prime?
True
Is 135781 prime?
True
Is 8903 a prime number?
False
Is 45301 composite?
True
Is 21071 a composite number?
True
Is 45863 composite?
False
Is 11821 composite?
False
Is 692051 a composite number?
False
Is 6941 composite?
True
Is 11519 prime?
True
Is 145897 a composite number?
False
Is 5721 prime?
False
Is 590627 a prime number?
True
Is 45134 a prime number?
False
Is 186451 prime?
True
Is 99557 prime?
False
Is 2149 composite?
True
Is 11303 composite?
True
Is 29765 a composite number?
True
Is 2533 a prime number?
False
Is 110221 prime?
True
Is 1618795 prime?
False
Is 515857 a prime number?
True
Is 4031 a composite number?
True
Is 267737 prime?
True
Is 200861 a composite number?
False
Is 2633 a prime number?
True
Is 27505 prime?
False
Is 84499 a prime number?
True
Is 160709 a composite number?
False
Is 49853 composite?
False
Is 7297 a composite number?
False
Is 287173 prime?
True
Is 19571 composite?
False
Is 25057 a composite number?
False
Is 37321 prime?
True
Is 205391 a composite number?
False
Is 31129 a composite number?
True
Is 1061 prime?
True
Is 530753 a prime number?
True
Is 52081 a composite number?
False
Is 835 prime?
False
Is 44617 prime?
True
Is 4321 composite?
True
Is 1873769 a prime number?
True
Is 2686715 a prime number?
False
Is 69469 composite?
True
Is 34097 prime?
False
Is 27509 a prime number?
True
Is 10519 a prime number?
False
Is 73301 a composite number?
True
Is 264007 a composite number?
False
Is 122887 a composite number?
False
Is 17921 a composite number?
False
Is 290137 a prime number?
True
Is 279179 prime?
True
Is 142339 a composite number?
True
Is 12011 prime?
True
Is 51031 a prime number?
True
Is 19441 a composite number?
False
Is 13934 composite?
True
Is 21797 a composite number?
True
Is 585953 prime?
True
Is 108517 a prime number?
True
Is 224597 a composite number?
True
Is 55983 composite?
True
Is 18637 composite?
False
Is 198395 a prime number?
False
Is 3997 a prime number?
False
Is 8714 prime?
False
Is 18463 a prime number?
False
Is 93047 a composite number?
False
Is 1334185 prime?
False
Is 14995 a composite number?
True
Is 92869 a composite number?
True
Is 1125493 composite?
True
Is 20191 composite?
True
Is 549863 prime?
True
Is 352113 prime?
False
Is 78977 a prime number?
True
Is 15103 a composite number?
True
Is 219251 prime?
True
Is 225569 composite?
False
Is 57047 a composite number?
False
Is 55469 a composite number?
False
Is 29501 composite?
False
Is 941677 a prime number?
False
Is 138965 a prime number?
False
Is 105863 composite?
False
Is 371329 a composite number?
True
Is 14078 a prime number?
False
Is 20873 prime?
True
Is 63299 a prime number?
True
Is 199931 a composite number?
False
Is 32741 prime?
False
Is 13997 a composite number?
False
Is 647687 a prime number?
True
Is 341299 a composite number?
True
Is 304237 a prime number?
False
Is 3793 composite?
False
Is 744071 prime?
True
Is 43201 composite?
False
Is 11069 prime?
True
Is 618869 a prime number?
True
Is 8659 composite?
True
Is 195251 prime?
False
Is 52463 prime?
False
Is 1151 prime?
True
Is 9523 a prime number?
False
Is 4391 a composite number?
False
Is 78766 a prime number?
False
Is 335791 composite?
True
Is 61823 prime?
False
Is 185621 composite?
False
Is 499 a prime number?
True
Is 1977145 prime?
False
Is 4327 composite?
False
Is 821 a prime number?
True
Is 36433 composite?
False
Is 3749455 a composite number?
True
Is 51751 a composite number?
True
Is 6779 composite?
False
Is 3274385 a prime number?
False
Is 5077 prime?
True
Is 2665589 a composite number?
False
Is 1062469 prime?
True
Is 128543 a composite number?
True
Is 5207 prime?
False
Is 427267 a composite number?
True
Is 36401 a prime number?
False
Is 37951 a prime number?
True
Is 88547 composite?
False
Is 40003 prime?
False
Is 73091 a composite number?
False
Is 2008367 composite?
False
Is 40027 a prime number?
False
Is 528163 composite?
False
Is 144962 a prime number?
False
Is 552277 composite?
True
Is 22283 a composite number?
False
Is 322709 a composite number?
False
Is 119227 composite?
False
Is 142015 a composite number?
True
Is 469 composite?
True
Is 10129 prime?
False
Is 17551 a prime number?
True
Is 3935 composite?
True
Is 67681 prime?
False
Is 10343 prime?
True
Is 4629 a composite number?
True
Is 5209 a prime number?
True
Is 34123 a prime number?
True
Is 180211 a prime number?
True
Is 64109 composite?
False
Is 12131 prime?
False
Is 472415 a composite number?
True
Is 6623 composite?
True
Is 481477 a composite number?
True
Is 35419 composite?
False
Is 126127 prime?
True
Is 1903 a prime number?
False
Is 403373 prime?
False
Is 98999 a prime number?
True
Is 39745 composite?
True
Is 23119 a prime number?
False
Is 3637 a composite number?
False
Is 42149 a prime number?
False
Is 74773 a composite number?
True
Is 35683 prime?
False
Is 9662 prime?
False
Is 512867 a prime number?
False
Is 4637 composite?
False
Is 22909 a prime number?
False
Is 1899815 a composite number?
True
Is 206513 composite?
True
Is 1328923 prime?
True
Is 6439 prime?
False
Is 869131 prime?
True
Is 394861 a prime number?
True
Is 10717 a prime number?
False
Is 17438 a composite number?
True
Is 8383 prime?
False
Is 47597 prime?
False
Is 109997 a composite number?
True
Is 4537 prime?
False
Is 135889 composite?
True
Is 475973 prime?
True
Is 34801 a prime number?
False
Is 1803629 prime?
True
Is 153107 composite?
False
Is 68543 a prime number?
True
Is 172847 a prime number?
False
Is 9637 composite?
True
Is 6043 composite?
False
Is 438833 a prime number?
True
Is 25427 a prime number?
False
Is 379177 prime?
True
Is 34433 a composite number?
True
Is 7993 a composite number?
False
Is 123173 prime?
False
Is 61751 a composite number?
False
Is 1640527 a composite number?
True
Is 11437 prime?
True
Is 15347 composite?
True
Is 1479365 composite?
True
Is 60739 a prime number?
False
Is 56039 a composite number?
False
Is 12961 composite?
True
Is 2156071 prime?
True
Is 189593 a composite number?
False
Is 285043 a composite number?
True
Is 2179 a prime number?
True
Is 1313 a composite number?
True
Is 21139 prime?
True
Is 19051 a composite number?
False
Is 735617 a composite number?
False
Is 287 composite?
True
Is 12653 composite?
False
Is 2144429 composite?
True
Is 5087 composite?
False
Is 17846 composite?
True
Is 4373 a composite number?
False
Is 583391 a prime number?
True
Is 20885 a composite number?
True
Is 34663 a prime number?
False
Is 276377 composite?
True
Is 4757 a composite number?
True
Is 2775137 composite?
False
Is 170921 a composite number?
False
Is 62221 prime?
False
Is 1432939 prime?
False
Is 211213 a composite number?
False
Is 21557 prime?
True
Is 63221 prime?
False
Is 8674 a prime number?
False
Is 504547 composite?
False
Is 85931 prime?
True
Is 2179 prime?
True
Is 1630462 prime?
False
Is 1629587 a composite number?
False
Is 124913 composite?
True
Is 64901 prime?
True
Is 166237 prime?
True
Is 201029 a prime number?
False
Is 192937 composite?
True
Is 5971 a composite number?
True
Is 2027 composite?
False
Is 3973 a composite number?
True
Is 877 composite?
False
Is 13641 a prime number?
False
Is 5941 a prime number?
False
Is 77795 prime?
False
Is 434347 a prime number?
True
Is 1396985 a composite number?
True
Is 2371 a prime number?
True
Is 301255 composite?
True
Is 24891 composite?
True
Is 66577 a prime number?
False
Is 6085 a prime number?
False
Is 53479 a prime number?
True
Is 150079 composite?
True
Is 236569 a prime number?
False
Is 16509 a composite number?
True
Is 686797 a composite number?
False
Is 71243 prime?
False
Is 1003427 a composite number?
True
Is 7501 a composite number?
True
Is 77191 prime?
True
Is 18